greatest common factor of w and t.
14
Suppose -39*f = -43*f + 8. Suppose -f*n + 20 = -l, -6 = n - 4*l - 2. What is the highest common factor of n and 3?
3
Suppose 439 + 7043 = 87*i. What is the highest common factor of 2666 and i?
86
Let q(x) = x**3 + 6*x**2 - 9*x - 2. Suppose -6 = -3*r, -2*k - 23*r + 20*r + 10 = 0. Let f be q(k). Calculate the highest common factor of f and 16.
4
Suppose t + 4*u - 396 = 0, 0 = 5*t - 4*u + 7*u - 2082. What is the highest common factor of 24 and t?
12
Let z = -6 + -3. Let p = -30 - z. Let j be (-19)/(-2 - p/12). Calculate the greatest common factor of j and 19.
19
Suppose -p - 203*t = -199*t - 38, -p - 2 = -t. Calculate the greatest common factor of p and 18138.
6
Let w(r) = 41 + 44 - 2*r**2 - 5*r - 89. Let h be w(-2). Let i(c) = -4*c**3 + 3*c**2 + 6*c + 8. Let l be i(h). Calculate the greatest common factor of 16 and l.
8
Let g be ((-14)/(-28))/(3 - (-17)/(-6)). Suppose -g*o - 8 = -122. Calculate the greatest common divisor of 10 and o.
2
Let x be 247/65*2*10. What is the greatest common factor of 855 and x?
19
Let p = 6231 + -3069. Calculate the greatest common factor of p and 102.
102
Suppose 57 + 103 = 25*g - 165. Calculate the greatest common factor of g and 12623.
13
Suppose 7*o - 2*o - 54 = -4*w, 2*o - 5*w + 18 = 0. What is the greatest common divisor of o and 441?
3
Let y(n) = -260*n - 1395. Let s be y(-9). What is the highest common factor of s and 49?
7
Let o(f) be the third derivative of f**5/20 + f**4/12 - 5*f**3 - 103*f**2 + f. Let p be o(-22). Calculate the greatest common factor of 26 and p.
26
Suppose 2*n = k + 73655, 28*k - 30*k = -2. What is the highest common divisor of 33 and n?
33
Let j be 6/3*163 - 2. Let c = j + -84. Calculate the greatest common factor of c and 15.
15
Let p = 3631 + -1777. What is the highest common factor of p and 54?
18
Let r(c) = -41*c. Let w(q) = -121*q. Let u(d) = 8*r(d) - 3*w(d). Let n be u(1). What is the greatest common divisor of 21 and n?
7
Let k(v) = 331*v - 433. Let z be k(13). What is the greatest common divisor of z and 172?
86
Suppose 5*y + 4*r - 248 = r, -3*r = 4*y - 196. What is the highest common factor of 10712 and y?
52
Let c be (-72)/4*1/(-2)*-1. Let n(f) = 3*f**2 - 10*f - 27. Let b be n(c). Suppose b = 3*k - 222. What is the highest common factor of k and 22?
22
Let z be 13/(((-1)/(-2))/((-2)/(-4))). Let q(y) = -y**2 + 15*y - 8. Let c be q(z). Calculate the highest common divisor of c and 198.
18
Suppose -4295 = -5*c + 5*x, -2009*c + x + 2575 = -2006*c. What is the highest common factor of c and 55?
11
Let j be (-1)/(-3) + (-72)/(-27). Let i be 30/9 - j - (-158)/3. Let q = i - 27. Calculate the greatest common factor of q and 39.
13
Let x = 38 - 39. Let f be (x/(-2) - -1)/((-3)/(-4)). Suppose k = -f*h + 29, -3*h + 44 + 32 = -5*k. Calculate the greatest common factor of h and 153.
17
Suppose -74*g + 534 = -58. What is the greatest common divisor of g and 82?
2
Let g be (9 + -22)*(0 - -23)/(-1). Suppose 14*j + 527 = -g. Let q = 71 + j. What is the highest common factor of q and 12?
12
Let d = -14644 - -14651. What is the highest common divisor of d and 19621?
7
Let w be (-190)/(-6) - (-2)/(-3). Let o = w + 34. Let v = -47 + o. What is the greatest common factor of v and 162?
18
Let r be 9/21 - ((-1262060)/126 + 2/(-9)). What is the greatest common factor of 189 and r?
189
Let j = -2917 + 3125. Calculate the greatest common factor of j and 1040.
208
Let m(s) = 43*s**2 + 26*s - 3. Let v be m(2). Let l = v + -212. Calculate the highest common divisor of l and 171.
9
Let w(r) = r**2 - 2*r - 8. Suppose -4*v - 20 = t, 0*v + t = -v - 5. Let j be w(v). Let b = 49 - 13. What is the greatest common divisor of b and j?
9
Let i(r) = r**2 + 10*r + 5. Let f be i(0). Let d(p) = 3*p**3 + 10*p**2 + 10*p - 8. Let b be d(f). What is the highest common divisor of b and 23?
23
Let q = -211492 - -211554. Let m(w) = w**2 - 2*w + 7. Let y be m(6). What is the greatest common divisor of q and y?
31
Let s(h) = h**2 - 5*h - 6. Let a = -3 + 1. Let b(c) = -c**2 - c - 1. Let k be b(a). Let n be s(k). What is the highest common factor of n and 18?
18
Let t = -40802 - -40866. Let q be (-2 - -1) + 1*113. Calculate the greatest common divisor of q and t.
16
Let f be (-24)/2 + (-157 - -253). Let j(q) = q**2 + 4*q - 3. Let o be j(5). Calculate the greatest common divisor of o and f.
42
Let j(l) = 14*l**2 - 3*l - 4. Let w be j(-3). Suppose w - 509 = -14*q. What is the greatest common factor of q and 18?
9
Let z(h) = 3*h**3 - 2*h**2 + 6*h - 1. Let j be z(3). Let s = j - 52. Calculate the greatest common factor of s and 12.
4
Suppose 0 = 3*f - 9678 + 8922. Calculate the highest common divisor of f and 210.
42
Suppose 94 = 5*h - 3*u - 1168, 4*u = h - 232. Calculate the highest common divisor of h and 376.
8
Let c = -4 + 12. Let a be (2080/100)/(1/(-5))*-1. Calculate the greatest common factor of c and a.
8
Let z(w) = w**2 + 20*w + 96. Let l be z(-7). Let v = 5 - -5. Suppose -l*x = -v*x + 45. Calculate the highest common factor of x and 1.
1
Let d = -4 + 17. Let r(a) = 13 + 30 - a - d + 0*a. Let q be r(6). What is the highest common divisor of q and 72?
24
Let o be ((-45)/(-25))/((-18)/(-900)). What is the greatest common factor of 2448 and o?
18
Let b be (-71 - -78) + (1 - 2)/((-2)/46). Calculate the highest common divisor of 15540 and b.
30
Let w(h) = 79*h + 57 - 29*h - 48*h. Let y be w(-15). What is the greatest common divisor of y and 4?
1
Suppose 1 = 5*n - 5*k + 6, -k + 5 = 0. Let y be n*101 + (-4)/(-8)*-2. Suppose 5*z - 212 - y = 0. What is the greatest common divisor of 82 and z?
41
Suppose -11000 = -75*z + 150250. What is the highest common divisor of z and 301?
43
Let v be 1 + (1 + -2 - -11). Let r be 1 + 705/5 + -4. Suppose 5*q - r = 137. What is the highest common divisor of q and v?
11
Let t = 145 - 145. Suppose t = -6*j + 14 + 10. Suppose -j*w + 420 = 8*w. Calculate the highest common factor of 280 and w.
35
Suppose 11*o + 213 = -4*d + 6*o, -3*d - 3*o = 159. Let z be (-24)/(-156) + (-3320)/d. Calculate the highest common divisor of z and 20.
4
Suppose 0 = h - 3*c + 225, -2*c - 376 = -3*h - 1037. Let s = -213 - h. Calculate the highest common factor of s and 6.
6
Let y = 873 - 838. Suppose 3*z + l - y = 0, 14*l - 19*l = 4*z - 43. What is the highest common divisor of z and 582?
6
Let u = 28399 + -27249. Let s be 4/6 + 592/12. Calculate the highest common factor of s and u.
50
Suppose -4*c + 5*g + 1799 = 0, 4*g - 932 = 17*c - 19*c. Calculate the greatest common factor of c and 133.
19
Let u(o) = 204*o**2 - 149*o + 292. Let w be u(2). What is the highest common divisor of w and 210?
30
Let n(m) be the second derivative of m**5/20 + m**4/3 - 16*m**3/3 - 13*m**2/2 - 70*m. Let v be n(-7). What is the highest common divisor of v and 112?
16
Let s(a) = 20 + a**2 + a - 4*a + 18*a. Let h = -20 + 6. Let t be s(h). What is the highest common divisor of t and 12?
6
Let y(i) = 25 + 15 - 22 + 1 + 20 + 71*i. Let d be y(13). Calculate the greatest common factor of 26 and d.
26
Let s(o) = -o**2 - 8*o + 28. Let p be s(-10). Suppose 26 = u + 5*c - p, -c = -2*u + 112. Calculate the highest common divisor of 189 and u.
27
Let m(i) = i + 1. Let z be m(4). Suppose -4*h = z*q - 27, 3*h = 4*q + h - 6. Let b be (2/4)/(34/(-12) - -3). Calculate the greatest common divisor of q and b.
3
Let t(f) = 16*f - 22. Let w be t(10). Let q = -48 - -50. Let x be (-5)/((-20)/w) + 1/q. What is the highest common divisor of 140 and x?
35
Let g be (-30740)/(-7) - ((-88)/(-22) + (-32)/7). What is the greatest common divisor of 24 and g?
24
Let m(x) = 43*x - 3. Let k be m(6). Let d = -62 - -107. Suppose 101*t - 104*t + d = 0. What is the greatest common divisor of k and t?
15
Suppose 44 = 5*z - v - 78, 4*v = -4*z + 88. Let y = -30 - -1. Let f = 53 + y. What is the highest common divisor of f and z?
24
Suppose 490 = 4*w + w. Let g be (-3)/(-7 - (-2316)/336). What is the greatest common divisor of g and w?
14
Let x be 60/(-20) + (0 + 0 - -1 - -242). What is the highest common divisor of x and 930?
30
Suppose -2267784 = -258*s + 188*s + 958516. What is the highest common divisor of s and 110?
110
Let h = 3 - 43. Let l = -36 - h. Suppose q + l*q - 30 = 0. Calculate the highest common factor of q and 6.
6
Let z = 53 + -6. L